?
True
Does 57 divide 232325556?
False
Is 353 a factor of 112477574?
False
Is 100048712 a multiple of 188?
True
Does 69 divide 2026304035?
False
Is 51974612 a multiple of 2931?
False
Does 149 divide 50308177?
False
Does 193 divide 223051258?
True
Is 407930068 a multiple of 91?
True
Does 3185 divide 36947756?
False
Is 25 a factor of 105191388?
False
Is 179 a factor of 122857545?
True
Does 184 divide 240121383?
False
Is 29 a factor of 528645379?
True
Is 77 a factor of 31028272?
False
Is 7 a factor of 13702738?
True
Is 4 a factor of 176607948?
True
Is 14 a factor of 15733116?
True
Does 46 divide 333836168?
True
Is 146362752 a multiple of 8?
True
Is 323 a factor of 2577773?
False
Is 53341313 a multiple of 13?
False
Does 21 divide 275723855?
False
Is 49 a factor of 152265381?
False
Is 2 a factor of 109526093?
False
Is 1567 a factor of 340944508?
False
Is 61 a factor of 3412969?
False
Does 452 divide 33176800?
True
Does 12 divide 749868?
True
Is 206896295 a multiple of 284?
False
Is 2224762 a multiple of 13?
False
Does 49 divide 27241207?
True
Does 1649 divide 20657023?
True
Does 9046 divide 773993852?
True
Is 6882402 a multiple of 271?
False
Does 501 divide 35963956?
False
Is 215 a factor of 110129880?
True
Is 199940367 a multiple of 175?
False
Is 219 a factor of 247133591?
False
Is 943 a factor of 22336841?
True
Is 89047516 a multiple of 25?
False
Is 35 a factor of 260800510?
False
Does 128 divide 66765696?
True
Is 88 a factor of 1627681880?
True
Does 26 divide 1005777437?
False
Is 9479824 a multiple of 709?
False
Is 200426532 a multiple of 1581?
True
Does 3 divide 21708411?
True
Does 2873 divide 879593765?
False
Is 209 a factor of 135402531?
True
Is 123587760 a multiple of 48?
True
Is 1434 a factor of 131496366?
True
Is 168601124 a multiple of 1124?
True
Does 9 divide 50146192?
False
Does 1326 divide 18687742?
False
Is 113911784 a multiple of 841?
False
Is 2546 a factor of 2215237?
False
Is 183319035 a multiple of 223?
False
Is 58173040 a multiple of 415?
True
Is 2651 a factor of 370795370?
True
Is 274611271 a multiple of 388?
False
Is 66 a factor of 31676621?
False
Is 6202216285 a multiple of 9362?
False
Does 19 divide 24622290?
True
Does 4 divide 127347828?
True
Is 152 a factor of 593194288?
True
Does 29 divide 11901801?
False
Is 300 a factor of 68633400?
True
Is 10539042 a multiple of 32?
False
Is 2532473784 a multiple of 24?
True
Does 15 divide 5033367?
False
Does 175 divide 57607900?
True
Does 3 divide 11696529?
True
Is 44 a factor of 63075144?
True
Is 80 a factor of 272520498?
False
Does 24 divide 1307593?
False
Is 133 a factor of 807177?
True
Is 108 a factor of 271477180?
False
Is 195 a factor of 4414627?
False
Is 887390687 a multiple of 5122?
False
Is 70 a factor of 6067873?
False
Is 775 a factor of 1054000?
True
Does 63 divide 107989292?
False
Does 3486 divide 24522343?
False
Does 301 divide 41114026?
False
Does 346 divide 366554476?
True
Does 18 divide 88740504?
True
Is 59 a factor of 163037064?
False
Is 92 a factor of 18040832?
True
Is 70136087 a multiple of 52?
False
Is 805265730 a multiple of 4145?
True
Is 1068652128 a multiple of 184?
True
Does 42 divide 3977744113?
False
Does 13 divide 28705781?
True
Is 4161 a factor of 283476447?
True
Is 110 a factor of 39581630?
True
Is 110766296 a multiple of 101?
True
Is 88779216 a multiple of 12?
True
Does 85 divide 680088303?
False
Does 218 divide 8013500?
False
Does 3650 divide 3451948?
False
Is 61 a factor of 2709632302?
False
Is 9 a factor of 3588383282?
False
Does 3 divide 1266768?
True
Is 58 a factor of 30441086?
False
Is 2118464 a multiple of 29?
False
Is 50 a factor of 6669100?
True
Is 1581 a factor of 103319931?
True
Does 14 divide 21391594?
True
Does 326 divide 33819423?
False
Does 210 divide 25391559?
False
Is 14 a factor of 163171264?
False
Is 20 a factor of 14032940?
True
Does 349 divide 3930074?
False
Is 28106910 a multiple of 241?
False
Is 11 a factor of 28577551?
False
Does 252 divide 315405734?
False
Is 431 a factor of 451423797?
True
Is 7859458 a multiple of 2?
True
Does 42 divide 43889622?
True
Is 17916180 a multiple of 615?
True
Is 598 a factor of 143419536?
True
Is 68340606 a multiple of 43?
False
Does 2943 divide 214019980?
False
Is 175760442 a multiple of 429?
True
Is 656732109 a multiple of 64?
False
Is 25693495 a multiple of 351?
False
Is 4 a factor of 14702977?
False
Does 23 divide 9196835?
False
Does 17 divide 241809190?
True
Is 103168428 a multiple of 12?
True
Does 68 divide 6979677510?
False
Does 2521 divide 28741921?
True
Is 3018996511 a multiple of 4303?
False
Does 68 divide 925327250?
False
Does 635 divide 9191625?
True
Does 1486 divide 123361776?
True
Does 2821 divide 442231244?
True
Does 21 divide 1136621241?
True
Is 13500088 a multiple of 125?
False
Is 213 a factor of 3017799890?
False
Does 5 divide 2633516?
False
Does 8109 divide 578680439?
False
Does 44 divide 249294369?
False
Is 8092709 a multiple of 40?
False
Does 681 divide 39423680?
False
Does 6 divide 60238794?
True
Is 112 a factor of 168725424?
True
Is 1309 a factor of 115146185?
True
Does 575 divide 35909900?
True
Is 5405874 a multiple of 31?
False
Does 318 divide 688877994?
True
Does 31 divide 4013756?
True
Does 159 divide 25483248?
True
Does 2 divide 33799602?
True
Is 119935102 a multiple of 816?
False
Is 6 a factor of 950403282?
True
Is 90750744 a multiple of 392?
True
Does 12 divide 28501681?
False
Is 42 a factor of 739410?
True
Does 2039 divide 785022806?
False
Is 3777487242 a multiple of 114?
True
Does 265 divide 113787820?
True
Is 210320514 a multiple of 218?
True
Does 377 divide 39962?
True
Does 484 divide 174996316?
False
Is 167540996 a multiple of 1856?
False
Is 4597 a factor of 26003718?
False
Is 58 a factor of 173364610?
True
Is 98534480 a multiple of 44?
True
Is 335496801 a multiple of 2?
False
Does 70 divide 38301825?
False
Is 557 a factor of 99704385?
False
Does 3 divide 506260275?
True
Does 94 divide 180159648?
True
Is 51019450 a multiple of 322?
False
Is 48 a factor of 1684646880?
True
Is 23 a factor of 22043449?
False
Is 515603238 a multiple of 11478?
True
Is 49351248 a multiple of 72?
True
Does 475 divide 7340316?
False
Is 1347787680 a multiple of 7230?
True
Is 847205801 a multiple of 1671?
False
Is 558996227 a multiple of 4913?
True
Is 12 a factor of 377570844?
True
Is 21841182 a multiple of 255?
False
Is 602 a factor of 161771246?
True
Is 23 a factor of 2201569481?
False
Is 316351511 a multiple of 896?
False
Does 19 divide 3311754568?
True
Is 2 a factor of 58062177?
False
Does 855 divide 2238638143?
False
Does 2390 divide 67550960?
True
Does 6 divide 509532480?
True
Does 5060 divide 1718148300?
True
Is 306 a factor of 10653696?
True
Does 29 divide 1532361590?
False
Is 134 a factor of 24070443?
False
Is 29 a factor of 1972288560?
False
Is 158 a factor of 16304113?
False
Is 53 a factor of 95111680?
True
Is 17 a factor of 178516846?
False
Is 6 a factor of 207480110?
False
Is 504 a factor of 10515131?
False
Does 13685 divide 216078645?
False
Does 484 divide 7419720?
True
Is 99 a factor of 255385983?
False
Is 861 a factor of 78267483?
True
Does 222 divide 19920396?
False
Does 21 divide 271978558?
False
Is 6923743145 a multiple of 521?
False
Is 1340 a factor of 596550655?
False
Is 65 a factor of 121252038?
False
Does 184 divide 296318384?
True
Is 13 a factor of 42346968?
False
Is 262 a factor of 27665753?
False
Is 207 a factor of 125168967?
True
Is 337 a factor of 59106641?
False
Does 43 divide 293818742?
True
Does 555 divide 118565760?
True
Is 175822998 a multiple of 19?
True
Is 1323407 a multiple of 116?
False
Is 6 a factor of 49012479?
False
Is 5 a factor of 9105835?
True
Is 5760 a factor of 74421347?
False
Is 194 a factor of 249036213?
False
Does 4025 divide 22797600?
True
Is 831279553 a multiple of 1225?
False
Does 638 divide 788077273?
False
Does 2424 divide 620590056?
True
Is 118 a factor of 17926914?
True
Is 38456975 a multiple of 5?
True
Is 5 a factor of 5325170?
True
Does 7078 divide 6751362264?
False
Does 14 divide 138112471?
False
Does 8 divide 230515138?
False
Is 530397643 a multiple of 1429?
True
Is 632563776 a multiple of 58?
True
Does 352 divide 2854016?
True
Is 250262 a multiple of 384?
False
Is 748 a factor of 13747492?
True
Does 25 divide 4213788?
False
Is 11998